e factors of 26386242.
2, 3, 1847, 2381
List the prime factors of 39175633.
7, 17, 329207
List the prime factors of 2345982790.
2, 5, 234598279
List the prime factors of 175803232.
2, 11, 31, 16111
List the prime factors of 571927425.
3, 5, 7625699
What are the prime factors of 229714096?
2, 14357131
List the prime factors of 1301924659.
7, 4271, 6221
List the prime factors of 910531236.
2, 3, 75877603
What are the prime factors of 558930149?
2473, 226013
List the prime factors of 58863806.
2, 29431903
What are the prime factors of 349080757?
59, 5916623
What are the prime factors of 3089200769?
89, 34710121
What are the prime factors of 72574575?
3, 5, 37, 26153
List the prime factors of 38811257.
593, 65449
List the prime factors of 16551463.
643, 25741
List the prime factors of 7017084612.
2, 3, 194919017
List the prime factors of 785243734.
2, 11, 683, 52259
List the prime factors of 492041217.
3, 17, 43, 89, 2521
What are the prime factors of 94636974?
2, 3, 15772829
List the prime factors of 19996558.
2, 9998279
What are the prime factors of 123906317?
123906317
List the prime factors of 742063828.
2, 11, 503, 33529
List the prime factors of 126488175.
3, 5, 11, 153319
List the prime factors of 106546139.
7, 313, 6947
List the prime factors of 6941715.
3, 5, 11, 42071
What are the prime factors of 4169831490?
2, 3, 5, 11, 59, 71389
List the prime factors of 1069334322.
2, 3, 7, 1861, 13681
List the prime factors of 1698297721.
127, 373, 35851
What are the prime factors of 1524770232?
2, 3, 63532093
What are the prime factors of 13307588?
2, 7, 475271
What are the prime factors of 228656100?
2, 3, 5, 762187
What are the prime factors of 610412689?
610412689
What are the prime factors of 53126932?
2, 31, 563, 761
What are the prime factors of 1131995774?
2, 7, 13, 6219757
What are the prime factors of 1294475925?
3, 5, 17259679
What are the prime factors of 26858441?
26858441
List the prime factors of 58581458.
2, 13, 47, 47939
List the prime factors of 428958743.
428958743
What are the prime factors of 313450282?
2, 139, 641, 1759
List the prime factors of 237985170.
2, 3, 5, 7932839
What are the prime factors of 5181093015?
3, 5, 7, 257, 191999
List the prime factors of 44206171.
17, 173, 15031
List the prime factors of 3826270446.
2, 3, 53, 12032297
List the prime factors of 1861765566.
2, 3, 421, 737041
List the prime factors of 104883553.
19, 73, 75619
List the prime factors of 76322640.
2, 3, 5, 487, 653
What are the prime factors of 77635334?
2, 7, 971, 5711
What are the prime factors of 222909086?
2, 79, 239, 5903
What are the prime factors of 37336501?
19, 251, 7829
What are the prime factors of 20809583?
20809583
List the prime factors of 19644502.
2, 9822251
What are the prime factors of 77635314?
2, 3, 1437691
What are the prime factors of 68427233?
7, 43, 463, 491
What are the prime factors of 303434918?
2, 43, 3528313
List the prime factors of 14436468.
2, 3, 17, 2621
What are the prime factors of 7676219900?
2, 5, 76762199
What are the prime factors of 516439952?
2, 7, 4611071
List the prime factors of 865727429.
7, 23, 1259, 4271
List the prime factors of 98640765.
3, 5, 2192017
List the prime factors of 2515419947.
9293, 270679
List the prime factors of 6004040900.
2, 5, 11, 13, 61, 6883
List the prime factors of 2519789040.
2, 3, 5, 1166569
What are the prime factors of 1899129559?
1621, 1171579
List the prime factors of 129828520.
2, 5, 19, 170827
What are the prime factors of 4533128867?
421, 2557, 4211
What are the prime factors of 303425039?
23, 2521, 5233
What are the prime factors of 78818777?
577, 136601
List the prime factors of 644786776.
2, 1039, 77573
List the prime factors of 2720373851.
13, 209259527
What are the prime factors of 36733164?
2, 3, 13, 59, 307
List the prime factors of 547537302.
2, 3, 13, 109, 21467
List the prime factors of 8310447095.
5, 1662089419
What are the prime factors of 6400939761?
3, 237071843
List the prime factors of 1469548555.
5, 9293, 31627
List the prime factors of 355145461.
11, 23, 157, 8941
What are the prime factors of 44736542?
2, 22368271
What are the prime factors of 3384521486?
2, 43, 39354901
List the prime factors of 122300645.
5, 157, 155797
List the prime factors of 307116634.
2, 11, 1269077
What are the prime factors of 54793657?
54793657
What are the prime factors of 3684804206?
2, 29, 7027, 9041
What are the prime factors of 156252177?
3, 577, 30089
What are the prime factors of 77034687?
3, 25678229
What are the prime factors of 128810201?
13, 9908477
List the prime factors of 202114402.
2, 7, 337, 42839
What are the prime factors of 70984964?
2, 17746241
List the prime factors of 59852852.
2, 17, 131, 6719
What are the prime factors of 2646766?
2, 1091, 1213
What are the prime factors of 627973293?
3, 31, 6752401
What are the prime factors of 5762778654?
2, 3, 960463109
List the prime factors of 2197117.
13, 169009
List the prime factors of 53233358.
2, 17, 61, 25667
List the prime factors of 12755779.
113, 157, 719
List the prime factors of 276173671.
163, 701, 2417
List the prime factors of 772505221.
4663, 165667
What are the prime factors of 85900402?
2, 7, 6135743
What are the prime factors of 42075399?
3, 97, 144589
What are the prime factors of 49483278?
2, 3, 13, 70489
What are the prime factors of 107392181?
13, 8260937
List the prime factors of 66638637.
3, 13, 107, 5323
What are the prime factors of 18589060?
2, 5, 7, 23, 251
What are the prime factors of 9126166?
2, 7, 651869
What are the prime factors of 52794565?
5, 10558913
List the prime factors of 988869519.
3, 11, 47, 70841
What are the prime factors of 5101456107?
3, 11, 97, 157, 10151
What are the prime factors of 764803468?
2, 11, 13, 37, 36137
List the prime factors of 7539838511.
229, 32925059
What are the prime factors of 69264217?
11, 6296747
What are the prime factors of 46825676?
2, 11706419
List the prime factors of 2745570.
2, 3, 5, 71, 1289
List the prime factors of 154792797.
3, 3359, 15361
What are the prime factors of 279730976?
2, 7, 1248799
What are the prime factors of 355070628?
2, 3, 11, 3019
List the prime factors of 463706257.
7, 1511, 6263
What are the prime factors of 20103696?
2, 3, 139609
List the prime factors of 177037896.
2, 3, 7, 19, 37, 1499
List the prime factors of 23183906.
2, 11591953
What are the prime factors of 195381589?
13, 15029353
What are the prime factors of 138425895?
3, 5, 373, 2749
What are the prime factors of 873877355?
5, 13, 19, 379, 1867
What are the prime factors of 345135044?
2, 6563, 13147
What are the prime factors of 1141216551?
3, 19, 83, 80407
What are the prime factors of 80789934?
2, 3, 13464989
What are the prime factors of 3379837711?
17, 43, 4623581
List the prime factors of 11111888.
2, 31, 43, 521
List the prime factors of 971616693.
3, 449, 721319
List the prime factors of 1343891460.
2, 3, 5, 22398191
List the prime factors of 3543171962.
2, 11, 79, 97, 21017
What are the prime factors of 2496346458?
2, 3, 416057743
List the prime factors of 34266873.
3, 31, 229, 1609
What are the prime factors of 141371654?
2, 73, 968299
List the prime factors of 1870113315.
3, 5, 7, 47, 378949
List the prime factors of 745027154.
2, 31, 41, 293087
List the prime factors of 52596270.
2, 3, 5, 83, 2347
List the prime factors of 723546172.
2, 29, 6237467
What are the prime factors of 26243120?
2, 5, 113, 2903
List the prime factors of 295925006.
2, 13, 11381731
What are the prime factors of 15679240?
2, 5, 101, 3881
What are the prime factors of 19094318?
2, 73, 130783
List the prime factors of 1691235831.
3, 563745277
What are the prime factors of 1198233265?
5, 6073, 39461
What are the prime factors of 19683872?
2, 13, 47317
What are the prime factors of 13169083?
13169083
List the prime factors of 3422469346.
2, 491, 3485203
What are the prime factors of 2465130504?
2, 3, 102713771
List the prime factors of 2222771462.
2, 20021, 55511
List the prime factors of 689908394.
2, 7, 41, 47, 107, 239
What are the prime factors of 1226614741?
11, 111510431
List the prime factors of 918813844.
2, 13, 23, 29, 59, 449
What are the prime factors of 243076551?
3, 233, 317, 1097
What are the prime factors of 4156871483?
3499, 1188017
What are the pri